120 + 3*n**5/20 + n**4/6 + 11*n**3/6 - 3*n**2. Is 19 a factor of v(u)?
True
Let i = 41 - 37. Suppose -i*j = -2 - 18. Suppose -9*p = -j*p - 96. Is 4 a factor of p?
True
Suppose -1660354 = -235*y + 382501. Does 19 divide y?
False
Let z(v) = -v**3 + 5*v**2 - 6*v + 10. Let s be z(4). Let k(j) = -7*j + s*j + 3 - 22*j. Is k(-1) a multiple of 6?
True
Suppose -3*j + 6*j - 2331 = 0. Let l = j + -477. Suppose -l = -7*b + 5*b. Is 15 a factor of b?
True
Let d = 28503 + -13164. Is 14 a factor of d?
False
Suppose -4*s + 79 = u, -4*s + 59 = 5*u - 0*u. Suppose 0 = s*n - 19*n - 150. Does 10 divide n?
False
Suppose 0 = 4*n + 4*f - 26 + 10, 0 = -3*f + 6. Suppose -31 = -n*b - 11. Suppose 0*c = -5*c + 2*i + 25, -2*i = -b. Is c a multiple of 7?
True
Is (-1084086)/(-34) - ((-2416)/(-272) + -9) - 7 a multiple of 7?
True
Let c be (-5 - (-2 + -5))*-2. Let k(f) = -2*f**2 + 4*f**2 + f**2 - f**2 - 5*f. Is 5 a factor of k(c)?
False
Is (-5569331)/(-6223) + 2/49 a multiple of 9?
False
Suppose -3*d = -2*v + 6227, -5*v = -7*v - d + 6231. Does 35 divide v?
True
Let v = 389 + -380. Is 43 a factor of (-129)/(((-162)/120)/v)?
True
Suppose 2*u + 2*u = 20, -4*u = 2*g - 26. Suppose -34*c + 29*c - g*b + 2456 = 0, -5*b = 5*c - 2450. Is 29 a factor of c?
True
Let q(n) = 5*n**2 - 4*n. Let r be q(8). Suppose r*l - 375 = 287*l. Does 24 divide l?
False
Let v = 154 - 110. Let p(y) = y**3 - 43*y**2 - 45*y + 64. Is p(v) a multiple of 7?
False
Suppose 263*d - 261*d = 2*a + 30028, -3*d + a + 45030 = 0. Is 32 a factor of d?
True
Suppose 0 = -h - z + 258, 273 = 5*h - 4*h - 2*z. Let w = 548 - h. Is w a multiple of 9?
False
Let a(x) = 11*x**2 + 161*x + 3751. Does 378 divide a(-23)?
False
Suppose 0 = -13*z + 3 + 101. Suppose -16 - 8 = -2*w - 3*u, -u + 4 = 0. Let t = z + w. Is t a multiple of 5?
False
Let i(z) = -z**2 + 5*z - 1. Let y be i(4). Let m be (-1)/(y - 10/3). Suppose -m*c = -24 - 45. Does 23 divide c?
True
Let l(u) = -u**3 - 8*u**2 - u - 6. Let h be l(-8). Let m(t) = -29*t + 6 - 4 + h + 1. Does 24 divide m(-4)?
False
Let k(y) = -y**3 + 110*y**2 + 24*y - 484. Is 196 a factor of k(110)?
True
Let v(z) = 4*z**3 + 2*z**2 + 3*z + 3. Let b be 2*(0 + (-9)/(-6)). Let y be v(b). Let x = 238 - y. Is 37 a factor of x?
False
Let n be 0 - ((-36)/24)/(2/4). Suppose 4*z + z + 3*y - 534 = 0, -330 = -3*z + n*y. Does 18 divide z?
True
Let j(w) = w**2 + 9*w + 14. Let d be j(-5). Let o(f) = f**3 + 7*f**2 + 7*f + 6. Let p be o(d). Is 3 + p + -3 + (-3 - -41) a multiple of 19?
True
Let a = 102 + -47. Suppose -c + 6*c = -t + 180, -c - 4*t = -a. Is 4/(-5)*c/(-14) + 158 a multiple of 8?
True
Let f be -2*(-86)/12*-3. Let m = 217 - f. Suppose -4*j + 3*a + 348 = 2*a, 0 = -3*j + a + m. Does 11 divide j?
True
Let d = -7 - -9. Suppose -11 = -d*w + 5*f, -11 = -3*w + 4*w + 3*f. Does 2 divide w - -4 - (14 - 23)?
False
Suppose -8*d + 36 = 10*d. Suppose -3*j + d*j = -123. Does 3 divide j?
True
Let m = 28919 - 15879. Is m a multiple of 77?
False
Suppose -2*h = -2*f - 2*f - 196, -10 = -5*f. Suppose h + 77 = o + z, -513 = -3*o + 5*z. Let t = -120 + o. Is t a multiple of 28?
True
Let d be (-2)/8 - (-1 - 35/(-4)). Let b = d + 8. Suppose b = -6*m + 3*m + o + 24, -m + 3 = -2*o. Is m a multiple of 6?
False
Let x be (-2 + (-41)/3)/((-44)/(-496452)). Does 17 divide x/(-517) - 1/(-11)?
False
Suppose 537 = 12*q + 501. Is ((-247)/(-114) - (-4)/q)*134 a multiple of 7?
True
Let u(y) = 19*y - 223. Let a be u(16). Let f(c) = -c - 5. Let q be f(-7). Is a - (-3 + 2 - q) a multiple of 31?
False
Suppose -8*r + 12*r - 4846 = -5*j, -5*j + 6055 = 5*r. Let m = -684 + r. Does 21 divide m?
True
Let m = 101 - -1449. Is m a multiple of 10?
True
Let f(q) = 3*q**3 - q**2 + q - 6. Let p = 266 + -262. Is f(p) a multiple of 5?
False
Let v = 22631 - -1461. Is v a multiple of 38?
True
Suppose 17*p - 18*p = 5*k - 361342, -2*p - 216813 = -3*k. Is 33 a factor of k?
False
Suppose 5*p + 22 - 947 = 0. Suppose -5*n + p + 115 = 0. Suppose -k + 210 = n. Is 30 a factor of k?
True
Suppose 158*n - 203381 - 208051 = 0. Is n a multiple of 84?
True
Let z be 10/(-85) + (-2 - 36/(-17)). Is 14 a factor of 2/6*(-954)/(z - 6)?
False
Let v be 8/36 - (-1 - 214/9). Suppose 5*j = v, -2*g + g = -2*j - 83. Suppose -4*k + 163 = -g. Does 16 divide k?
True
Suppose -3*w + 1961 = -m, 4*w - 6*w + 1294 = 2*m. Let a = -353 + w. Is a a multiple of 23?
True
Let w = 63779 - 35651. Is 48 a factor of w?
True
Let k(x) = -x**3 - 3*x**2 + 890. Let z be k(0). Suppose -4*y - 26 + z = 0. Does 18 divide y?
True
Let c(x) = 3271*x + 490. Is 9 a factor of c(1)?
False
Let w(g) = g**3 - 18*g**2 + 5*g + 9. Let r be w(11). Let k = r - -1359. Is k a multiple of 36?
True
Suppose 5*v - 3*r + 44 = 0, 8*v = 11*v + 4*r + 9. Let a(s) = 4*s**2 - 29*s. Is 21 a factor of a(v)?
True
Suppose 93*v - 2741256 = -5*v. Is v a multiple of 29?
False
Let t(s) = -2*s - 2*s + 6 + 3*s**2 - 1. Let z = -2426 - -2421. Is t(z) a multiple of 20?
True
Suppose -31387 = -3*u - y, 0 = -5*u + 85*y - 83*y + 52330. Is u a multiple of 12?
True
Let n(o) be the second derivative of o**4/6 - 2*o**3 + 17*o**2 - 32*o. Is n(4) a multiple of 12?
False
Is 1/(-4)*(-14429 - -57) a multiple of 4?
False
Let p(s) = -3*s**3 + 45*s**2 + 23*s + 12. Is 9 a factor of p(9)?
False
Let c(q) = 13*q**2 + 10*q - 3. Let n be c(7). Suppose 0 = -4*h + m + n, -3*h + 0*h = 4*m - 509. Suppose -3*z = -h + 7. Is z a multiple of 9?
False
Let v(z) = -z**2 - 9*z - 12. Let y be v(-3). Suppose 329 = 2*c + 2*b - 215, -3*b + y = 0. Does 15 divide c?
True
Let a be -4 + 11 + 3*(-12)/18. Suppose -5*g - 8 = -3*z, g = -8*z + a*z + 38. Is 2 a factor of z?
False
Let f(s) = -s**3 - 13*s**2 + 32*s + 51. Let q be (4 - -1 - (-425)/(-34))*2. Is f(q) a multiple of 2?
False
Is 5 a factor of (-539805)/(-245) + 12/7?
True
Suppose 0 = -114*b - 49370 + 198140. Is 15 a factor of b?
True
Let p(d) = 7*d**2 - 9*d - 30. Let b be p(-4). Let o = 222 - b. Is o a multiple of 13?
True
Suppose 7*h - 884 = 3*h. Suppose 5*x - 177 = 3*v + 100, -4*x = -3*v - h. Suppose 0*s - s + x = 0. Does 14 divide s?
True
Let v(s) = 7*s + 3*s - 7 + 11 + 0*s. Is v(10) even?
True
Suppose 15*g - 275348 = -4*g. Does 15 divide g?
False
Suppose 0 = -j + 2*b + 15, -j + 5*j = b + 39. Let w(x) = 14*x**2 - 16*x + 128. Does 13 divide w(j)?
True
Let b be 120 - (0 - -5)*(2 + -3). Suppose 0 = -7*a + 2283 + b. Is a a multiple of 15?
False
Suppose 5*i = -4*y + 574, -3*i - 5*y = -43 - 304. Let f = 426 - i. Does 24 divide f?
True
Let d be 14/21 + (-4)/6. Suppose 3*s - o - 143 = 280, -s + 4*o + 141 = d. Is s a multiple of 7?
False
Suppose 0 = 2*q - 4*l + 12, 7*l - 12 = -5*q + 3*l. Suppose q*t - 8*t = -5112. Is 28 a factor of t?
False
Let w(g) = 41*g**3 - g**2 + 17*g - 46. Is w(3) a multiple of 7?
False
Suppose 0 = 2*z + 9 - 7. Let j(v) = -v**3 - v**2 - v - 1. Let w be j(z). Suppose w*r + 60 = 2*r. Does 3 divide r?
True
Suppose -3*j = -7*p + 5*p - 436719, -2*p - j = 436699. Does 50 divide p/(-312) + 1 + 11/(-13)?
True
Let k = -30 + 30. Suppose k = 3*o - 356 - 457. Let q = -147 + o. Does 8 divide q?
False
Let r(f) = -860*f + 2902. Is 9 a factor of r(-8)?
False
Let c(s) = 353*s - 8851. Is c(51) a multiple of 13?
True
Suppose 9*f - 50759 - 74359 = -5*f. Does 49 divide f?
False
Let t(u) = 20*u + 1612. Is t(22) a multiple of 9?
True
Suppose 2*w - 46407 = 3*z, -45*w + 46405 = -43*w - 5*z. Is w a multiple of 255?
True
Let b(s) = -7*s - 10. Let j(g) = 20*g + 29. Let p(u) = 17*b(u) + 6*j(u). Let z be p(-2). Suppose z*n - 8 = -18, -133 = -y + 3*n. Does 29 divide y?
False
Suppose 11*z - 83 = 9*z + 3*r, 0 = 4*z - 5*r - 169. Let o be ((-2)/(-4))/((-1)/4). Does 13 divide 0 + (0 - 1) - z/o?
False
Is -36 + 18 + 19 - (-4356 - -1) a multiple of 44?
True
Is 6 a factor of 111/(-1110) - 135993/(-30)?
False
Suppose 16923 + 20413 = 80*a - 50264. Does 5 divide a?
True
Suppose -10*o + 5008 = -8*o + 3*j, 4*o = 2*j + 9968. Does 29 divide o?
False
Let h = 133 - 77. Let b = h - 52. Is b + -4 - (-47 - -1) a multiple of 22?
False
Let u(d) = 2*d**3 - 115*d**2 - 74*d + 617. Does 183 divide u(63)?
False
Let h(j) = -32*j + 9030. Does 141 divide h(153)?
False
Let k(x) = -241*x + 2. Suppose 21*n + 385 = 16*n. Let w = -78 - n. Is k(w) a multiple of 40?
False
Suppose 4*y - 4*i = 75 + 213, 4*y - 273 = i. Suppose 138 = c + 4*r, -3*r - y = -3*c + 392. Is c a multiple of 10?
True
Suppose 2*n 